7264?
8
What is the thousands digit of 6489508?
9
What is the hundred thousands digit of 63159151?
1
What is the hundred thousands digit of 339573020?
5
What is the millions digit of 466250990?
6
What is the ten thousands digit of 88825914?
2
What is the hundreds digit of 62007364?
3
What is the units digit of 1533786323?
3
What is the millions digit of 89142009?
9
What is the hundred thousands digit of 52752998?
7
What is the hundreds digit of 172324550?
5
What is the units digit of 28709937?
7
What is the millions digit of 3203191863?
3
What is the thousands digit of 211964429?
4
What is the tens digit of 669234380?
8
What is the ten millions digit of 220457382?
2
What is the thousands digit of 2585384333?
4
What is the thousands digit of 18485458?
5
What is the billions digit of 2953827733?
2
What is the hundred thousands digit of 1406269464?
2
What is the hundred thousands digit of 226812049?
8
What is the ten thousands digit of 18254911?
5
What is the ten thousands digit of 8301914?
0
What is the ten millions digit of 1521217127?
2
What is the tens digit of 2570195506?
0
What is the hundred thousands digit of 2783437895?
4
What is the hundred millions digit of 149500211?
1
What is the millions digit of 39359480?
9
What is the ten millions digit of 84406464?
8
What is the ten thousands digit of 55593922?
9
What is the millions digit of 495145850?
5
What is the ten millions digit of 2852233876?
5
What is the hundreds digit of 502795616?
6
What is the ten millions digit of 227918451?
2
What is the ten thousands digit of 65432024?
3
What is the ten thousands digit of 1139354549?
5
What is the units digit of 858699313?
3
What is the hundred thousands digit of 65605647?
6
What is the ten millions digit of 437136078?
3
What is the tens digit of 34269643?
4
What is the thousands digit of 913523216?
3
What is the ten thousands digit of 4949723501?
2
What is the billions digit of 1173007760?
1
What is the hundred millions digit of 143596969?
1
What is the units digit of 48690640?
0
What is the hundred millions digit of 1263732147?
2
What is the thousands digit of 2154374446?
4
What is the hundred millions digit of 281608453?
2
What is the ten thousands digit of 341420070?
2
What is the hundred thousands digit of 105014902?
0
What is the hundreds digit of 1309930438?
4
What is the tens digit of 1232824903?
0
What is the hundred thousands digit of 169522254?
5
What is the ten thousands digit of 531262944?
6
What is the ten thousands digit of 94012910?
1
What is the hundred millions digit of 121100888?
1
What is the units digit of 11133368?
8
What is the tens digit of 75805064?
6
What is the hundred millions digit of 123125472?
1
What is the thousands digit of 444776574?
6
What is the hundred millions digit of 273616167?
2
What is the hundred millions digit of 307894277?
3
What is the units digit of 1034225?
5
What is the hundred thousands digit of 13662306?
6
What is the ten thousands digit of 4007382106?
8
What is the ten thousands digit of 911533600?
3
What is the hundred thousands digit of 5131540991?
5
What is the ten millions digit of 843142802?
4
What is the units digit of 7403193556?
6
What is the millions digit of 220136757?
0
What is the tens digit of 135846942?
4
What is the units digit of 38717770?
0
What is the thousands digit of 70527820?
7
What is the tens digit of 690280776?
7
What is the ten thousands digit of 9178764?
7
What is the ten millions digit of 149258594?
4
What is the hundred millions digit of 2489788147?
4
What is the millions digit of 11645563?
1
What is the hundreds digit of 1550039139?
1
What is the hundred thousands digit of 1469181093?
1
What is the ten thousands digit of 17553706?
5
What is the hundreds digit of 25977557?
5
What is the ten millions digit of 43341064?
4
What is the hundreds digit of 62926763?
7
What is the ten thousands digit of 21969378?
6
What is the ten thousands digit of 718559449?
5
What is the ten thousands digit of 166929534?
2
What is the hundred thousands digit of 492687912?
6
What is the ten millions digit of 58891636?
5
What is the thousands digit of 89084470?
4
What is the ten thousands digit of 2643545681?
4
What is the tens digit of 4266189416?
1
What is the hundreds digit of 57106127?
1
What is the hundred millions digit of 378977703?
3
What is the hundreds digit of 869408858?
8
What is the tens digit of 1611094007?
0
What is the hundreds digit of 38909516?
5
What is the units digit of 4858408855?
5
What is the millions digit of 4295631?
4
What is the thousands digit of 17018347?
8
What is the tens digit of 111106027?
2
What is the millions digit of 33373157?
3
What is the ten millions digit of 628555011?
2
What is the units digit of 1633141049?
9
What is the units digit of 95476833?
3
What is the millions digit of 395177721?
5
What is the ten millions digit of 190177582?
9
What is the thousands digit of 850317094?
7
What is the hundreds digit of 6358278?
2
What is the hundred millions digit of 2254734446?
2
What is the billions digit of 1689499871?
1
What is the ten thousands digit of 70727076?
2
What is the hundred thousands digit of 132018194?
0
What is the ten millions digit of 69908861?
6
What is the ten millions digit of 1239055072?
3
What is the ten thousands digit of 1626413332?
1
What is the ten thousands digit of 353536356?
3
What is the ten thousands digit of 369269507?
6
What is the hundreds digit of 1178068441?
4
What is the units digit of 47752256?
6
What is the millions digit of 22589991?
2
What is the ten millions digit of 71653932?
7
What is the units digit of 1892241056?
6
What is the hundreds digit of 6987086936?
9
What is the hundred millions digit of 124122003?
1
What is the hundred thousands digit of 232465348?
4
What is the units digit of 160162499?
9
What is the tens digit of 1004113988?
8
What is the tens digit of 44459877?
7
What is the tens digit of 3437187840?
4
What is the hundred thousands digit of 56376275?
3
What is the ten thousands digit of 337244164?
4
What is the units digit of 528231764?
4
What is the tens digit of 242794863?
6
What is the millions digit of 37856790?
7
What is the ten thousands digit of 587355094?
5
What is the tens digit of 2227250587?
8
What is the hundreds digit of 35136900?
9
What is the ten millions digit of 1380578492?
8
What is the thousands digit of 24155957?
5
What is the thousands digit of 8821105?
1
What is the hundreds digit of 2491310883?
8
What is the thousands digit of 41748605?
8
What is the thousands digit of 118541324?
1
What is the units digit of 272248667?
7
What is the units digit of 1839152?
2
What is the hundred thousands digit of 176113862?
1
What is the tens digit of 233778861?
6
What is the thousands digit of 18134509?
4
What is the hundred millions digit of 835541292?
8
What is the billions digit of 5580383586?
5
What is the units digit of 8601685790?
0
What is the ten thousands digit of 975433?
7
What is the tens digit of 21869378?
7
What is the hundred thousands digit of 1161949280?
9
What is the thousands digit of 506293736?
3
What is the hundred millions digit of 606522034?
6
What is the thousands digit of 19793394?
3
What is the units digit of 15118758?
8
What is the ten millions digit of 27378851?
2
What is the millions digit of 1482911215?
2
What is the hundred millions digit of 286916631?
2
What is the tens digit of 2171993197?
9
What is the hundreds digit of 9853695?
6
What is the thousands digit of 176081721?
1
What is the millions digit of 242727158?
2
What is the ten millions digit of 15817742?
1
What is the billions digit of 2171447145?
2
What is the hundreds digit of 49510457?
4
What is the ten millions digit of 1449457247?
4
What is the millions digit of 649373897?
9
What is the units digit of 1827970320?
0
What is the units digit of 144099630?
0
What is the ten thousands digit of 51219895?
1
What is the ten thousands digit of 49995893?
9
What is the ten thousands digit of 5845330654?
3
What is the ten millions digit of 35553322?
3
What is the millions digit of 4594706553?
4
What is the units digit of 87307629?
9
What is the tens digit of 186175074?
7
What is the thousands digit of 65187046?
7
What is the tens digit of 85662219?
1
What is the hundreds digit of 88673993?
9
What is the uni